{"id":618,"date":"2025-04-16T21:29:23","date_gmt":"2025-04-16T21:29:23","guid":{"rendered":"https:\/\/dreamy-jackson.92-205-23-111.plesk.page\/?page_id=618"},"modified":"2025-05-13T21:50:54","modified_gmt":"2025-05-13T21:50:54","slug":"gedetailleerd-programma","status":"publish","type":"page","link":"https:\/\/schutterijeensgezindheid.nl\/index.php\/gedetailleerd-programma\/","title":{"rendered":"Gedetailleerd programma concours 25 mei"},"content":{"rendered":"\n<p><\/p>\n\n\n\n<figure class=\"wp-block-table\"><table class=\"has-fixed-layout\"><tbody><tr><td><strong>Tijd:<\/strong><\/td><td><strong>Activiteit:<\/strong><\/td><td><strong>Locatie:<\/strong><\/td><\/tr><tr><td><strong>&nbsp;<\/strong><\/td><td><strong>&nbsp;<\/strong><\/td><td><strong>&nbsp;<\/strong><\/td><\/tr><tr><td>08:30<\/td><td>Ontvangst koningsparen en genodigden <em>(besloten)<\/em><\/td><td>Dorpshuis<br><br><\/td><\/tr><tr><td>09:15<\/td><td>Welkomstwoord<\/td><td>Dorpshuis<br><br><\/td><\/tr><tr><td>09:30<\/td><td>Aanbieden erewijn<\/td><td>Dorpshuis<br><br><\/td><\/tr><tr><td>09:45<\/td><td>Commandantenbespreking<\/td><td>Dorpshuis<br><br><\/td><\/tr><tr><td>10:30<\/td><td>Verenigingen stellen zich op voor de offici\u00eble opening, afmars Dorpshuis naar Heuvelakkersestraat<br><br><\/td><td>Heuvelakkersestraat<\/td><\/tr><tr><td>11:00<\/td><td>Offici\u00eble opening<br><br><\/td><td>Heuvelakkersestraat<\/td><\/tr><tr><td>11:30<\/td><td>Start defil\u00e9 met aansluitend marswedstrijden (eindpunt: Sportpark Gelders Eiland)<br><br><\/td><td>Heuvelakkersestraat<\/td><\/tr><tr><td>12:00<\/td><td>Feest in de tent<br><br><\/td><td>Sportpark<\/td><\/tr><tr><td>13:00<\/td><td>Aanvang diverse wedstrijden<br><br><\/td><td>Sportpark<\/td><\/tr><tr><td>13:00<\/td><td>Vendelen&nbsp;&nbsp;&nbsp;&nbsp;&nbsp;&nbsp;&nbsp;&nbsp;&nbsp;&nbsp;&nbsp;&nbsp;&nbsp;&nbsp;&nbsp;&nbsp;&nbsp;&nbsp;&nbsp;&nbsp;&nbsp;&nbsp;&nbsp;&nbsp;&nbsp;&nbsp;&nbsp;&nbsp;&nbsp;&nbsp;&nbsp;&nbsp;&nbsp;&nbsp;&nbsp;&nbsp;&nbsp;&nbsp;&nbsp;&nbsp;&nbsp;&nbsp;&nbsp;&nbsp;&nbsp;&nbsp;&nbsp;&nbsp;&nbsp;&nbsp;&nbsp;&nbsp;&nbsp;&nbsp;&nbsp;&nbsp;&nbsp;&nbsp;&nbsp;&nbsp;&nbsp;&nbsp;&nbsp; Schietwedstijden<br><br><\/td><td>Sportpark<\/td><\/tr><tr><td>13:30<\/td><td>Briefing Bielemanwedstrijden, aansluitend wedstrijd<br><br><\/td><td>Sportpark<\/td><\/tr><tr><td>14:00<\/td><td>Kring koning(in) en kring jeugd koning(in) schieten<br><br><\/td><td>Sportpark<\/td><\/tr><tr><td>14:00<\/td><td>Marketensters wedstrijden<br><br><\/td><td>Sportpark<\/td><\/tr><tr><td>17:45 &nbsp;<\/td><td>Huldiging nieuwe kring koning(in) en kringjeugd koning(in) met aansluitend prijsuitreiking van de wedstrijden<br><br><\/td><td>Sportpark &nbsp;<\/td><\/tr><tr><td>19:00<\/td><td>Einde Kringdag de Liemers 2025<br><br><\/td><td>Sportpark<\/td><\/tr><\/tbody><\/table><\/figure>\n\n\n\n<p><\/p>\n","protected":false},"excerpt":{"rendered":"<p>Tijd: Activiteit: Locatie: &nbsp; &nbsp; &nbsp; 08:30 Ontvangst koningsparen en genodigden (besloten) Dorpshuis 09:15 Welkomstwoord Dorpshuis 09:30 Aanbieden erewijn Dorpshuis 09:45 Commandantenbespreking Dorpshuis 10:30 Verenigingen stellen zich op voor de offici\u00eble opening, afmars Dorpshuis naar Heuvelakkersestraat Heuvelakkersestraat 11:00 Offici\u00eble opening Heuvelakkersestraat 11:30 Start defil\u00e9 met aansluitend marswedstrijden (eindpunt: Sportpark Gelders [&hellip;]<\/p>\n","protected":false},"author":1,"featured_media":0,"parent":0,"menu_order":0,"comment_status":"closed","ping_status":"closed","template":"","meta":{"_themeisle_gutenberg_block_has_review":false,"footnotes":""},"class_list":["post-618","page","type-page","status-publish","hentry"],"_links":{"self":[{"href":"https:\/\/schutterijeensgezindheid.nl\/index.php\/wp-json\/wp\/v2\/pages\/618","targetHints":{"allow":["GET"]}}],"collection":[{"href":"https:\/\/schutterijeensgezindheid.nl\/index.php\/wp-json\/wp\/v2\/pages"}],"about":[{"href":"https:\/\/schutterijeensgezindheid.nl\/index.php\/wp-json\/wp\/v2\/types\/page"}],"author":[{"embeddable":true,"href":"https:\/\/schutterijeensgezindheid.nl\/index.php\/wp-json\/wp\/v2\/users\/1"}],"replies":[{"embeddable":true,"href":"https:\/\/schutterijeensgezindheid.nl\/index.php\/wp-json\/wp\/v2\/comments?post=618"}],"version-history":[{"count":2,"href":"https:\/\/schutterijeensgezindheid.nl\/index.php\/wp-json\/wp\/v2\/pages\/618\/revisions"}],"predecessor-version":[{"id":746,"href":"https:\/\/schutterijeensgezindheid.nl\/index.php\/wp-json\/wp\/v2\/pages\/618\/revisions\/746"}],"wp:attachment":[{"href":"https:\/\/schutterijeensgezindheid.nl\/index.php\/wp-json\/wp\/v2\/media?parent=618"}],"curies":[{"name":"wp","href":"https:\/\/api.w.org\/{rel}","templated":true}]}}